{"id":189,"date":"2020-04-26T16:52:00","date_gmt":"2020-04-26T14:52:00","guid":{"rendered":"http:\/\/www.capdouze-peinture.fr\/boutique\/?post_type=product&#038;p=189"},"modified":"2024-01-23T16:50:38","modified_gmt":"2024-01-23T15:50:38","slug":"peinture-antirouille-brillante-blanche-batifer-1l","status":"publish","type":"product","link":"https:\/\/www.capdouze-peinture.fr\/boutique\/produit\/peinture-antirouille-brillante-blanche-batifer-1l\/","title":{"rendered":"Peinture antirouille brillante blanche BATIFER 1L"},"content":{"rendered":"<p>Peinture glyc\u00e9rophtalique antirouille brillante pour la protection des m\u00e9taux ferreux.<\/p>\n<p>BATIFER s\u2019utilise \u00e0 l\u2019int\u00e9rieur ou \u00e0 l\u2019ext\u00e9rieur sur tous les m\u00e9taux ferreux pr\u00e9alablement d\u00e9rouill\u00e9s et d\u00e9graiss\u00e9s.<\/p>\n<p><strong>Qualit\u00e9s<\/strong><\/p>\n<ul class=\"checklist tick3\">\n<li>Protection durable des m\u00e9taux trait\u00e9s contre la corrosion<\/li>\n<li>Aspect brillant d\u2019une laque traditionnelle.<\/li>\n<li>Imperm\u00e9abilit\u00e9 et solidit\u00e9 du feuil.<\/li>\n<li>Excellente r\u00e9sistance \u00e0 l\u2019abrasion.<\/li>\n<li>Facilit\u00e9 de mise en \u0153uvre.<\/li>\n<\/ul>\n<p>Un seul produit pour prot\u00e9ger et d\u00e9corer.<\/p>\n<p>&nbsp;<\/p>\n<p><strong>Caract\u00e9ristiques<\/strong><\/p>\n<p>Rendement : 12 \u00e0 16 m2 au litre.<\/p>\n<p>S\u00e9chage \u2013 Hors poussi\u00e8re : 3 heures \u2013 Sec : 8 heures<\/p>\n<p>Recouvrable : apr\u00e8s 24 heures (dans conditions climatiques normales).<\/p>\n<p>&nbsp;<\/p>\n<p><strong>Application<\/strong><\/p>\n<p>BATIFER est pr\u00eate \u00e0 l\u2019emploi.\u00a0Application brosse ou rouleau<\/p>\n<p>Si utilisation au pistolet, ajouter environ 5% de\u00a0 White Spirit.<\/p>\n<p>BATIFER s\u2019applique sur des supports propres, secs, sains, d\u00e9rouill\u00e9s et d\u00e9graiss\u00e9s.<\/p>\n<ul>\n<li>M\u00e9taux neufs, non rouill\u00e9s : 3 couches de BATIFER, apr\u00e8s pon\u00e7age.<\/li>\n<li>M\u00e9taux rouill\u00e9s : traitement antirouille, plus 2 couches de BATIFER.<\/li>\n<\/ul>\n<p>Une totale protection et une finition parfaite seront obtenues en 3 couches.<\/p>\n<p><strong>Nettoyage du mat\u00e9riel<\/strong><\/p>\n<p>Au White Spirit, imm\u00e9diatement apr\u00e8s utilisation.<\/p>\n<p>&nbsp;<\/p>\n<p>Pour plus d&#8217;informations, consultez:<\/p>\n<p><a href=\"http:\/\/www.capdouze-peinture.fr\/boutique\/wp-content\/uploads\/2020\/04\/FT-Batifer.pdf\" target=\"_blank\" rel=\"noopener noreferrer\">FICHE TECHNIQUE<\/a><\/p>\n<p><a href=\"http:\/\/www.capdouze-peinture.fr\/boutique\/wp-content\/uploads\/2020\/04\/FDS-batifer.pdf\" target=\"_blank\" rel=\"noopener noreferrer\">FDS<\/a><\/p>\n","protected":false},"excerpt":{"rendered":"<p>Peinture glyc\u00e9ro antirouille brillante pour la protection des m\u00e9taux ferreux en ext\u00e9rieur.<\/p>\n<p>12 \u00e0 16 m\u00b2 \/ litre<\/p>\n","protected":false},"featured_media":135,"comment_status":"open","ping_status":"closed","template":"","meta":{"spay_email":""},"_links":{"self":[{"href":"https:\/\/www.capdouze-peinture.fr\/boutique\/wp-json\/wp\/v2\/product\/189"}],"collection":[{"href":"https:\/\/www.capdouze-peinture.fr\/boutique\/wp-json\/wp\/v2\/product"}],"about":[{"href":"https:\/\/www.capdouze-peinture.fr\/boutique\/wp-json\/wp\/v2\/types\/product"}],"replies":[{"embeddable":true,"href":"https:\/\/www.capdouze-peinture.fr\/boutique\/wp-json\/wp\/v2\/comments?post=189"}],"wp:featuredmedia":[{"embeddable":true,"href":"https:\/\/www.capdouze-peinture.fr\/boutique\/wp-json\/wp\/v2\/media\/135"}],"wp:attachment":[{"href":"https:\/\/www.capdouze-peinture.fr\/boutique\/wp-json\/wp\/v2\/media?parent=189"}],"curies":[{"name":"wp","href":"https:\/\/api.w.org\/{rel}","templated":true}]}}